{"id":268,"date":"2021-12-11T08:58:41","date_gmt":"2021-12-11T07:58:41","guid":{"rendered":"https:\/\/elcarabo.com\/quiosco-libreria\/?page_id=268"},"modified":"2021-12-11T09:10:05","modified_gmt":"2021-12-11T08:10:05","slug":"subasta-de-libros","status":"publish","type":"page","link":"https:\/\/elcarabo.com\/quiosco-libreria\/subasta-de-libros\/","title":{"rendered":"Subasta de libros"},"content":{"rendered":"\n<p>Puja por la Naturaleza<\/p>\n\n\n\n<p>El importe de la subasta de libros agotados, raros y antiguos lo destinamos a difundir la causa de la Naturaleza trasladando a Internet  la documentaci\u00f3n e informaci\u00f3n que nos es posible.<\/p>\n\n\n\n<p>La App de subastas en WordPress est\u00e1 en ingl\u00e9s, con lo que haremos un glosario de t\u00e9rminos para que sepas que Bid significa Puja, etc.<\/p>\n\n\n\n<p>Em esta p\u00e1gina incrustamos el enlace a la primera puja habilitada a modo de prueba y en ella iremos informando de los sucesivos libros que sacaremos a subasta.<\/p>\n\n\n<div data-block-name=\"woocommerce\/product-tag\" data-tags=\"[50]\" class=\"wc-block-grid wp-block-product-tag wc-block-product-tag has-3-columns has-multiple-rows\"><ul class=\"wc-block-grid__products\"><li class=\"wc-block-grid__product\">\n\t\t\t\t<a href=\"https:\/\/elcarabo.com\/quiosco-libreria\/product\/mem-valverde-3-sahara-guinea-y-marruecos-expediciones-africanas\/\" class=\"wc-block-grid__product-link\">\n\t\t\t\t\t<div class=\"wc-block-grid__product-image\"><img width=\"324\" height=\"324\" src=\"https:\/\/i0.wp.com\/elcarabo.com\/quiosco-libreria\/wp-content\/uploads\/2021\/04\/MemoriasJAVtomo2.jpg?resize=324%2C324&amp;ssl=1\" class=\"attachment-woocommerce_thumbnail size-woocommerce_thumbnail\" alt=\"Mem. Valverde 3: S\u00e1hara, Guinea y Marruecos. Expediciones africanas\" decoding=\"async\" loading=\"lazy\" srcset=\"https:\/\/i0.wp.com\/elcarabo.com\/quiosco-libreria\/wp-content\/uploads\/2021\/04\/MemoriasJAVtomo2.jpg?resize=150%2C150&amp;ssl=1 150w, https:\/\/i0.wp.com\/elcarabo.com\/quiosco-libreria\/wp-content\/uploads\/2021\/04\/MemoriasJAVtomo2.jpg?resize=324%2C324&amp;ssl=1 324w, https:\/\/i0.wp.com\/elcarabo.com\/quiosco-libreria\/wp-content\/uploads\/2021\/04\/MemoriasJAVtomo2.jpg?resize=100%2C100&amp;ssl=1 100w\" sizes=\"(max-width: 324px) 100vw, 324px\" data-attachment-id=\"189\" data-permalink=\"https:\/\/elcarabo.com\/quiosco-libreria\/?attachment_id=189\" data-orig-file=\"https:\/\/i0.wp.com\/elcarabo.com\/quiosco-libreria\/wp-content\/uploads\/2021\/04\/MemoriasJAVtomo2.jpg?fit=355%2C499&amp;ssl=1\" data-orig-size=\"355,499\" data-comments-opened=\"0\" data-image-meta=\"{&quot;aperture&quot;:&quot;0&quot;,&quot;credit&quot;:&quot;&quot;,&quot;camera&quot;:&quot;&quot;,&quot;caption&quot;:&quot;&quot;,&quot;created_timestamp&quot;:&quot;0&quot;,&quot;copyright&quot;:&quot;&quot;,&quot;focal_length&quot;:&quot;0&quot;,&quot;iso&quot;:&quot;0&quot;,&quot;shutter_speed&quot;:&quot;0&quot;,&quot;title&quot;:&quot;&quot;,&quot;orientation&quot;:&quot;0&quot;}\" data-image-title=\"MemoriasJAVtomo2\" data-image-description=\"\" data-image-caption=\"\" data-medium-file=\"https:\/\/i0.wp.com\/elcarabo.com\/quiosco-libreria\/wp-content\/uploads\/2021\/04\/MemoriasJAVtomo2.jpg?fit=213%2C300&amp;ssl=1\" data-large-file=\"https:\/\/i0.wp.com\/elcarabo.com\/quiosco-libreria\/wp-content\/uploads\/2021\/04\/MemoriasJAVtomo2.jpg?fit=355%2C499&amp;ssl=1\" \/><\/div>\n\t\t\t\t\t<div class=\"wc-block-grid__product-title\">Mem. Valverde 3: S\u00e1hara, Guinea y Marruecos. Expediciones africanas<\/div>\n\t\t\t\t<\/a>\n\t\t\t\t\n\t\t\t\t<div class=\"wc-block-grid__product-price price\"><span class=\"woo-ua-winned-for winning_bid\">Puja ganadora<\/span>: <span class=\"woocommerce-Price-amount amount\">22,00<span class=\"woocommerce-Price-currencySymbol\">&euro;<\/span><\/span><\/div>\n\t\t\t\t\n\t\t\t\t<div class=\"wp-block-button wc-block-grid__product-add-to-cart\"><a href=\"https:\/\/elcarabo.com\/quiosco-libreria\/product\/mem-valverde-3-sahara-guinea-y-marruecos-expediciones-africanas\/\" aria-label=\"Lee m\u00e1s sobre &ldquo;Mem. Valverde 3: S\u00e1hara, Guinea y Marruecos. Expediciones africanas&rdquo;\" data-quantity=\"1\" data-product_id=\"194\" data-product_sku=\"\" rel=\"nofollow\" class=\"wp-block-button__link wp-element-button add_to_cart_button\">Finalizada<\/a><\/div>\n\t\t\t<\/li><\/ul><\/div>","protected":false},"excerpt":{"rendered":"<p>Puja por la Naturaleza El importe de la subasta de libros agotados, raros y antiguos lo destinamos a difundir la causa de la Naturaleza trasladando a Internet la documentaci\u00f3n e informaci\u00f3n que nos es posible. La App de subastas en WordPress est\u00e1 en ingl\u00e9s, con lo que haremos un glosario de t\u00e9rminos para que sepas [&hellip;]<\/p>\n","protected":false},"author":1,"featured_media":0,"parent":0,"menu_order":0,"comment_status":"closed","ping_status":"closed","template":"","meta":{"advanced_seo_description":"","jetpack_seo_html_title":"","jetpack_seo_noindex":false},"jetpack_sharing_enabled":true,"jetpack-related-posts":[{"id":2,"url":"https:\/\/elcarabo.com\/quiosco-libreria\/en-venta-la-biblioteca-de-los-fundadores-de-la-revista-quercus\/","url_meta":{"origin":268,"position":0},"title":"Entre los nubarrones hay un rayo de sol","date":"27\/02\/2018","format":false,"excerpt":"Hemos hecho un plan para digitalizar y colocar en Internet a libre disposici\u00f3n de la sociedad una Biblioteca Virtual de la Naturaleza. Puedes verlo en este enlace: https:\/\/coalicionbiodiversidadyteletrabajadores.wordpress.com\/libros-2\/ Como no hemos encontrado qui\u00e9n pueda llevarlo a cabo, nos desprendemos de la biblioteca que hemos formado a lo largo de 40\u2026","rel":"","context":"Entrada similar","img":{"alt_text":"","src":"https:\/\/i0.wp.com\/elcarabo.com\/quiosco-libreria\/wp-content\/uploads\/2021\/02\/DSCN3879-scaled.jpg?fit=1200%2C900&ssl=1&resize=350%2C200","width":350,"height":200},"classes":[]},{"id":11,"url":"https:\/\/elcarabo.com\/quiosco-libreria\/blog\/","url_meta":{"origin":268,"position":1},"title":"Blog","date":"27\/02\/2018","format":false,"excerpt":"","rel":"","context":"Entrada similar","img":{"alt_text":"","src":"https:\/\/i0.wp.com\/elcarabo.com\/quiosco-libreria\/wp-content\/uploads\/2021\/02\/DSCN4198-scaled.jpg?fit=1200%2C900&ssl=1&resize=350%2C200","width":350,"height":200},"classes":[]},{"id":82,"url":"https:\/\/elcarabo.com\/quiosco-libreria\/shop\/","url_meta":{"origin":268,"position":2},"title":"Shop","date":"17\/04\/2021","format":false,"excerpt":"","rel":"","context":"Entrada similar","img":{"alt_text":"","src":"","width":0,"height":0},"classes":[]},{"id":83,"url":"https:\/\/elcarabo.com\/quiosco-libreria\/cart\/","url_meta":{"origin":268,"position":3},"title":"Cart","date":"17\/04\/2021","format":false,"excerpt":"","rel":"","context":"Entrada similar","img":{"alt_text":"","src":"","width":0,"height":0},"classes":[]},{"id":84,"url":"https:\/\/elcarabo.com\/quiosco-libreria\/checkout\/","url_meta":{"origin":268,"position":4},"title":"Checkout","date":"17\/04\/2021","format":false,"excerpt":"","rel":"","context":"Entrada similar","img":{"alt_text":"","src":"","width":0,"height":0},"classes":[]},{"id":85,"url":"https:\/\/elcarabo.com\/quiosco-libreria\/my-account\/","url_meta":{"origin":268,"position":5},"title":"My account","date":"17\/04\/2021","format":false,"excerpt":"","rel":"","context":"Entrada similar","img":{"alt_text":"","src":"","width":0,"height":0},"classes":[]}],"_links":{"self":[{"href":"https:\/\/elcarabo.com\/quiosco-libreria\/wp-json\/wp\/v2\/pages\/268"}],"collection":[{"href":"https:\/\/elcarabo.com\/quiosco-libreria\/wp-json\/wp\/v2\/pages"}],"about":[{"href":"https:\/\/elcarabo.com\/quiosco-libreria\/wp-json\/wp\/v2\/types\/page"}],"author":[{"embeddable":true,"href":"https:\/\/elcarabo.com\/quiosco-libreria\/wp-json\/wp\/v2\/users\/1"}],"replies":[{"embeddable":true,"href":"https:\/\/elcarabo.com\/quiosco-libreria\/wp-json\/wp\/v2\/comments?post=268"}],"version-history":[{"count":1,"href":"https:\/\/elcarabo.com\/quiosco-libreria\/wp-json\/wp\/v2\/pages\/268\/revisions"}],"predecessor-version":[{"id":269,"href":"https:\/\/elcarabo.com\/quiosco-libreria\/wp-json\/wp\/v2\/pages\/268\/revisions\/269"}],"wp:attachment":[{"href":"https:\/\/elcarabo.com\/quiosco-libreria\/wp-json\/wp\/v2\/media?parent=268"}],"curies":[{"name":"wp","href":"https:\/\/api.w.org\/{rel}","templated":true}]}}